 - a**2 - a. What is f(-5)?
-3
Let a(c) = c - 8. Let n be a(5). Let q(p) = 5*p**2 + 3*p + 5. Let d(s) = 9*s**2 + 6*s + 9. Let m(y) = -4*d(y) + 7*q(y). What is m(n)?
-1
Let j = -2 + 0. Let a(x) = x**3 - 3*x - 3. Let h be a(j). Let z(r) = r**3 + 6*r**2 + 5*r - 4. Calculate z(h).
-4
Suppose -5*f - 2*n - 29 = 0, 3*f = -f + 2*n - 16. Let d(b) be the first derivative of b**2/2 + 3*b + 33. Calculate d(f).
-2
Let u be ((-1)/1)/(1/3). Let o(n) = 3*n**2 - 5*n + 5. Let z(f) = -f**2 + 2*f - 2. Let v(i) = 3*o(i) + 8*z(i). Give v(u).
5
Let j(p) = -p**3 - 4*p**2 - 3*p - 4. Suppose 4*k - 21 + 5 = 0. Let m = 9 - k. Let h = 2 - m. Determine j(h).
-4
Suppose 0*u - 3*u = -12. Let l(f) = -f**2 + 3*f. Calculate l(u).
-4
Suppose 4*w - 3*p = 69 - 0, -5*w = -4*p - 87. Suppose -o + 5*t + 20 + 5 = 0, -5*o - w = 3*t. Suppose 4*b + 2 + 2 = o. Let g(q) = 2*q. Give g(b).
-2
Let p(v) = 3*v**3 - 6*v**2 - 1. Let f(n) = n**3 + n. Let g(y) = 4*f(y) - p(y). Let d(o) = o**2 - o - 5. Let h = -3 + 3. Let t be d(h). Determine g(t).
6
Let r(d) = 18*d**2 + 3*d - 5. Let j(x) = 32*x**2 + 5*x - 8. Let q(o) = -31*o**2 - 5*o + 8. Let i(b) = 4*j(b) + 5*q(b). Let g(y) = 5*i(y) + 8*r(y). Give g(-1).
10
Suppose 1 = 3*x - 5. Let b be x/(-7) + 130/(-35). Let y(i) = -i**2 - 5*i + 3. Let d(m) = 2*m**2 + 11*m - 7. Let u(f) = -3*d(f) - 7*y(f). Determine u(b).
8
Let s = -29 + 25. Let x(u) = 5*u**2 - 3*u + 4. Let c(k) = -k**2. Let r(v) = 6*c(v) + x(v). Give r(s).
0
Let c(l) = l**2 - 9*l - 6. Let b(q) = 3*q**2 - 19*q - 12. Suppose 1 = d + 6. Let w = 3 + -1. Let m(r) = d*c(r) + w*b(r). What is m(-5)?
-4
Suppose 2*a - 7*a - 4*u = -3, 5*a = -5*u. Let g(k) be the second derivative of 7/6*k**a - 2*k + 1/12*k**4 + 0 + 3/2*k**2. Calculate g(-5).
-7
Suppose -9 = -f - 4*k, 2 = 4*f - k - 0. Let m be (5/f)/(1 + -2). Let a = -3 - m. Let j(d) = d**3 - 2*d**2 + 2. Determine j(a).
2
Let s(o) = o**2 + 5*o - 1. Suppose -6*y - 28 = y. What is s(y)?
-5
Suppose 0 = -3*h - 4*h + 7. Let d(k) be the second derivative of 11*k**5/20 + k**3/3 - k**2/2 - 4*k. Calculate d(h).
12
Let i(z) = 157 - z**2 - 157. What is i(-1)?
-1
Let h be 2/10 - 16/(-20). Let q(a) = -a - 8*a**2 + 4 + 9*a**2 - a**3 + h. What is q(0)?
5
Let w be 8/(-4) + 1 + 3. Suppose w*z + z = n - 5, -3*z - 26 = 2*n. Let u be (-1 - n)*6/18. Let i(x) = -x**3 + 2*x**2 - 2*x + 2. What is i(u)?
-2
Let w(h) be the third derivative of -h**5/60 + 5*h**4/12 - 3*h**3/2 + 17*h**2. What is w(6)?
15
Suppose -2*w = w + 18. Let a be w/((-1 - 3)/(-4)). Let p(g) = g. Determine p(a).
-6
Let n(w) = 2*w**2 - 2*w - 1. Let u be n(2). Suppose -u*p = -0*p + 9. Let b be 0 - 0*p/(-9). Let o(l) = l**2 + l + 6. Calculate o(b).
6
Let t(m) = 3*m + 1. Suppose -3*j = -0*j - 60. Let o be 44/j - 1/5. Give t(o).
7
Let u(w) = 5*w - 1. Suppose g - 2*g + 1 = 0. What is u(g)?
4
Let d(u) = u**2 + 7*u + 3. Let q be (5 - 2)*-1 + -2. Calculate d(q).
-7
Let o(x) = -5. Let z(u) = u + 11. Let v(p) = 7*o(p) + 3*z(p). Suppose 0*w + w = 2. Calculate v(w).
4
Let m(z) = -5*z**3 + 8*z**2 - 9*z + 3. Let d(a) = 4*a**3 - 7*a**2 + 8*a - 2. Let j(q) = 6*d(q) + 5*m(q). Give j(-2).
-3
Let z(y) be the third derivative of y**6/120 + y**5/60 - y**4/24 - y**3 - 11*y**2. Let l = 9 - 9. What is z(l)?
-6
Let k(y) = y**2 - y. Let j be k(1). Let w(i) = -7*i - 13. Let s(n) = -11*n - 20. Let l(z) = 5*s(z) - 8*w(z). Calculate l(j).
4
Let s(q) = q**3 + 6*q**2 - 8*q - 5. Let y be s(-7). Suppose 12 = y*b - 4*b. Let a(w) = 2*w + 4. Give a(b).
-8
Let v(c) = c**2 - 6*c - 2. Let n(f) = -2*f**2 + 6*f + 6. Let p(h) = 2*h**2 - 6*h - 7. Let q(g) = 6*n(g) + 5*p(g). Let r(a) = -2*q(a) - 3*v(a). Determine r(-5).
-1
Let g(o) = -o**3 + 6*o**2 + 7*o - 2. Suppose 5*v + 126 - 161 = 0. Calculate g(v).
-2
Let l(x) = x**3 + x**2 - x + 7. Suppose h - 3 = m + 2*h, 0 = -m - 4*h. Let o = 4 + m. Give l(o).
7
Let h(i) = -3*i - 5. Let w be h(-3). Let a(g) = -g**2 + 3*g - 1. Determine a(w).
-5
Let h(b) = 3*b**2 + 5*b + 5 + 0*b - 7 - 6*b + b**3. Determine h(-2).
4
Let p(f) be the third derivative of -f**4/8 + 2*f**3/3 - 3*f**2. Give p(4).
-8
Let f(q) = -2*q**3 + 4*q**2 + 3*q + 5. Let m(u) = 3*u**3 - 6*u**2 - 5*u - 8. Let w(d) = -8*f(d) - 5*m(d). Let v be (-3)/(-2) + (-8)/16. Give w(v).
0
Let i = 0 + -1. Let q be i/(-3) - (-33)/9. Let o(x) = -q*x - 1 + 4*x**2 + x**3 + 0*x**3 + 7. What is o(-5)?
1
Let b(a) = 4*a**2 - 7*a + 3*a**2 - 3 - 8*a**2. Suppose 52*n - 18 = 55*n. What is b(n)?
3
Let z(p) = -2 + 2*p**2 - p**3 - 2*p**3 + 4*p**3. Let s be 2 - (-5 - (2 + 0)). Let u be 12/s*(-3)/2. Determine z(u).
-2
Let x(s) = s**2 - 10*s + 6. Let c be x(9). Let t(q) = -q**2 - 2*q + 3. Determine t(c).
0
Let m = -7 - -12. Suppose 0 = w - g - 2*g + m, -4*w - g = -19. Let c(s) = -5*s**3 + 6*s**3 - 5 - 3*s - w*s**2 - 1. Calculate c(5).
4
Let v(m) = -12 - 27*m**2 + 2 + 2*m**2 - 4*m**3 + 8*m. Let a(g) = -g - 3 - g**3 + 71*g**2 + 4*g - 79*g**2. Let z(k) = -7*a(k) + 2*v(k). What is z(5)?
1
Suppose 5*y + l = -36, 2*l + 38 = -5*y - l. Let t(u) = 10*u**2 - 14*u + 24. Let h(s) = 3*s**2 - 5*s + 8. Let p(i) = y*h(i) + 2*t(i). Determine p(6).
-2
Let q(i) = -i**3 - 2*i**2 - 3*i - 1. Let t = -2 - 0. Give q(t).
5
Let c(v) = 5*v**2 + 6*v - 1. Let f(k) = 0*k**2 + 26*k - 32*k - 6*k**2. Let x(a) = 7*c(a) + 6*f(a). Suppose -25 = -5*n - 0. Determine x(n).
-2
Let g(y) = -y**2 - 5*y + 10. Let p be g(-7). Let r be (-1)/(-2) + p/(-8). Let l(t) = t**3 - t**2 - t + 1. What is l(r)?
0
Let j(q) = -3*q + 6. Suppose z + 3 = 3*p - 12, -4*z = 2*p - 10. Give j(p).
-9
Suppose -z + 3*i + 6 = 0, 5*i + 46 = -5*z + i. Let t(v) = -v - 1. Determine t(z).
5
Let z(y) = -y**2 + y - 9. Let j be 2 - -1 - -1*1. Suppose j*c = 3*c + 6. Let q = c - 6. What is z(q)?
-9
Let g(r) = r**3 + 6*r**2 - 6*r + 7. Let p be g(-7). Suppose -5*x - 23 - 7 = p. Let l(v) = -v - 11. What is l(x)?
-5
Let m(p) = -5*p**3 + 2*p + 1. Let o(h) = h**3 + 5*h**2 - h - 3. Suppose -4*r - 8 = 12. Let d be o(r). Suppose -4*q - 2 - d = 0. Give m(q).
4
Let p(i) be the third derivative of -i**4/24 - 3*i**3/2 - 32*i**2. Let g be 2*(-2)/6*6. Give p(g).
-5
Let x(k) = 13*k**3 - 2*k**2 + 2*k - 1. Suppose -3*z - 2*z - 24 = g, 7 = 2*g - z. What is x(g)?
12
Let j = -1 + -1. Let s(z) = -2*z - 18. Let m be s(-9). Let h(d) = d**2 + m*d**2 - 2 + 0*d**2 - 2*d. What is h(j)?
6
Let v(c) be the first derivative of -c**5/20 - c**4/4 + c**3/3 - 7*c + 9. Let y(u) be the first derivative of v(u). Calculate y(-2).
-8
Let x(m) be the first derivative of m**6/360 - 7*m**5/120 + m**4/4 - m**3/3 - 3. Let n(y) be the third derivative of x(y). Give n(5).
-4
Let c = -1 - -14. Let m(x) = -7*x**2 - 4. Let v(z) = 15*z**2 + z + 8. Let r(a) = c*m(a) + 6*v(a). Give r(6).
-4
Let h(u) be the second derivative of -u**3/6 - u**2 + u. Let n = -1 + 2. Let x be n/(-1) + -1 + -1. What is h(x)?
1
Let h(x) be the third derivative of x**5/30 - x**3/6 + 15*x**2. Give h(-3).
17
Let n(m) = m + 5. Let y(c) = -c**2 + 16*c - 5. Let b be y(16). What is n(b)?
0
Let b = 25 + -21. Suppose 5*l = 3*l + 10. Let x(s) = -7*s + 3. Let r(y) = -6*y + 2. Let k(c) = l*x(c) - 6*r(c). Determine k(b).
7
Let t(j) = -2*j - 2. Let k be t(-2). Let g = 3 - k. Suppose -2*l + 4*m - g = -11, 15 = -l - 3*m. Let f(h) = -h - 2. Calculate f(l).
1
Suppose 0*z - 12 = -3*z. Suppose 3*w - z*w + 3 = 0. Let i = 1 + w. Let s(m) = m**3 - 3*m**2 - 4*m - 1. Calculate s(i).
-1
Let h(o) = 10*o + 2. Let t(q) = q + 1. Let f(w) = -h(w) + 4*t(w). Let y(a) = 2*a - 1. Let k(d) = -6*f(d) - 17*y(d). Give k(-4).
-3
Suppose -2*t + 2 = -4*t. Let j(h) = 7*h**2 - h + 5. Let a(y) = 22*y**2 - 3*y + 14. Let c(i) = -6*a(i) + 17*j(i). Determine c(t).
-13
Let x(d) = -1 - 3*d**2 - 3*d + 4*d**2 + 8*d + 6. Let h be x(-4). Let g(q) = 2*q - 1. Give g(h).
1
Let o(f) = -f**3 + 5*f**2 + f - 5. Let n be o(4). Let r(i) = n - 14 - 3*i - i. Give r(3).
-11
Suppose 2*i = -i + 12. Suppose -5*x - 5*k - 50 = 0, -3*x - i*k = -2*k + 26. Let g(y) = y**2 + 7*y - 2. Give g(x).
-8
Suppose -5*n + 4*o + 0*o = -41, -5*n + 9 = 4*o. Let t(m) = -m**2 + 0*m**2 - 2*m - 5*m + n. Calculate t(-7).
5
Let u(p) = 0 + p**2 + 60*p + 3 - 31*p - 26*p. Let m = -8 - -5. Let f = -1 + m. What is u(f)?
7
Let l(w) = 2*w**2 + w - 7. Let t(g) = -g**2 + 3. Let n(i) = -2*l(i) - 5*t(i). What is n(2)?
-1
Let m = 3 - -2. Suppose m*k + 6 = -4. Let u(l) = -2*l**3 + 2*l - 7*l - 4*l - 2*l**2 + 10*l. Determine u(k).
6
Let d(i) = -4